{"id":2,"date":"2013-11-06T11:55:36","date_gmt":"2013-11-06T11:55:36","guid":{"rendered":"http:\/\/laurabenech.net\/profanaciones\/?page_id=2"},"modified":"2021-01-18T06:16:00","modified_gmt":"2021-01-18T06:16:00","slug":"pagina-ejemplo","status":"publish","type":"page","link":"https:\/\/laurabenech.net\/profanaciones\/pagina-ejemplo\/","title":{"rendered":"Lab"},"content":{"rendered":"<header class=\"entry-header clearfix\">\n<h1 class=\"entry-title\">Lab<\/h1>\n<\/header>\n<div class=\"entry-content clearfix\">\n<p align=\"JUSTIFY\">Agamben propone la idea de profanar opuesta a consagrar. Las cosas sagradas pertenec\u00edan a los dioses y por lo tanto estaban sustra\u00eddas al libre uso de los hombres. Lo consagrado, sagrado, designaba lo que estaba fuera de la esfera del derecho humano. Profanar aparece como un gesto que busca devolver los objetos consagrados al uso com\u00fan, colectivo. No respetar una separaci\u00f3n r\u00edgida que condena a los objetos a no poder ser usados, solo consumidos.<\/p>\n<p align=\"JUSTIFY\">Las salas se disponen como interfaces de producci\u00f3n para convocar momentos y espacios invisibles. Experimentar montajes de nuevas significaciones mediante intercambios colectivos. Producir mediaciones e interacciones a trav\u00e9s de artefactos electr\u00f3nicos desde una idea de cultura como red de dispositivos materiales y simb\u00f3licos que afectan, abren posibilidades, y al mismo tiempo transforman las capacidades de actuar intencionalmente sobre esa cultura.<\/p>\n<p align=\"JUSTIFY\">Profanar la romantizaci\u00f3n del pasado y su presunta neutralidad para visibilizar fisuras e intervenirlas. Profanar datos, calcularlos. Proyectar c\u00f3digos e informaciones. Indagar en la geograf\u00eda de relaciones instituidas. Explorar(excavar) en diferentes estratos de discursos y referencias de nuestras pr\u00e1cticas est\u00e9ticas y ponerlas en discusi\u00f3n.<\/p>\n<p align=\"JUSTIFY\"><strong>C\u00f3digos profanos<\/strong> es parte de \u201c<strong>Invisibles y Salvajes<\/strong>\u201c, curadur\u00eda de Deatr3s (Raquel Minetti \/ Victoria Ferreyra)<\/p>\n<p align=\"JUSTIFY\">Los proyectos realizados en el Museo Rosa Galisteo de Rodriguez de la ciudad de Santa Fe, son una experiencia de producci\u00f3n colectiva de:<\/p>\n<p align=\"JUSTIFY\">Laura Benech<br \/>\nNicol\u00e1s Prus<br \/>\nEvelin Heidel<br \/>\nC\u00e1tedra de Computaci\u00f3n Gr\u00e1fica de la FICH- UNL: Prof. Nerstor Calvo. Alumnos: Emanuel Canavesio, Guido Bracalenti, Cecilia Serafini<br \/>\nIntegrantes proyecto Roboticlaje<br \/>\nAlumnos y exalumnos de nivel medio esc. de Artes Visuales \u201cProf Juan Mantovani\u201d : Thea Delfina Lucero Fr\u00edas, Lola Orge Benech, Facundo L Santos Aguero, Martina Bravorovsky, Lucia Tell, Gerarda Delfina Lucero Fr\u00edas, Carmela Marguello, Pilar Alarc\u00f3n, Stella Ticera.<\/p>\n<p align=\"JUSTIFY\">(**) Destacamos y agradecemos la colaboraci\u00f3n de Mart\u00edn Bayo y Mart\u00edn Morales en la resoluci\u00f3n t\u00e9cnica de la caja con archivos para llevar en pendrives.<\/p>\n<p align=\"JUSTIFY\">El sitio web, editado por Laura Benech documenta y expande la experiencia en el Museo.<\/p>\n<\/div>\n","protected":false},"excerpt":{"rendered":"<p>Lab Agamben propone la idea de profanar opuesta a consagrar. Las cosas sagradas pertenec\u00edan a los dioses y por lo&hellip;<\/p>\n","protected":false},"author":2,"featured_media":0,"parent":0,"menu_order":0,"comment_status":"open","ping_status":"open","template":"","meta":{"footnotes":""},"class_list":["post-2","page","type-page","status-publish","hentry"],"_links":{"self":[{"href":"https:\/\/laurabenech.net\/profanaciones\/wp-json\/wp\/v2\/pages\/2","targetHints":{"allow":["GET"]}}],"collection":[{"href":"https:\/\/laurabenech.net\/profanaciones\/wp-json\/wp\/v2\/pages"}],"about":[{"href":"https:\/\/laurabenech.net\/profanaciones\/wp-json\/wp\/v2\/types\/page"}],"author":[{"embeddable":true,"href":"https:\/\/laurabenech.net\/profanaciones\/wp-json\/wp\/v2\/users\/2"}],"replies":[{"embeddable":true,"href":"https:\/\/laurabenech.net\/profanaciones\/wp-json\/wp\/v2\/comments?post=2"}],"version-history":[{"count":3,"href":"https:\/\/laurabenech.net\/profanaciones\/wp-json\/wp\/v2\/pages\/2\/revisions"}],"predecessor-version":[{"id":9,"href":"https:\/\/laurabenech.net\/profanaciones\/wp-json\/wp\/v2\/pages\/2\/revisions\/9"}],"wp:attachment":[{"href":"https:\/\/laurabenech.net\/profanaciones\/wp-json\/wp\/v2\/media?parent=2"}],"curies":[{"name":"wp","href":"https:\/\/api.w.org\/{rel}","templated":true}]}}

<header class="entry-header clearfix">
<h1 class="entry-title">Lab</h1>
</header>
<div class="entry-content clearfix">
<p align="JUSTIFY">Agamben propone la idea de profanar opuesta a consagrar. Las cosas sagradas pertenecían a los dioses y por lo tanto estaban sustraídas al libre uso de los hombres. Lo consagrado, sagrado, designaba lo que estaba fuera de la esfera del derecho humano. Profanar aparece como un gesto que busca devolver los objetos consagrados al uso común, colectivo. No respetar una separación rígida que condena a los objetos a no poder ser usados, solo consumidos.</p>
<p align="JUSTIFY">Las salas se disponen como interfaces de producción para convocar momentos y espacios invisibles. Experimentar montajes de nuevas significaciones mediante intercambios colectivos. Producir mediaciones e interacciones a través de artefactos electrónicos desde una idea de cultura como red de dispositivos materiales y simbólicos que afectan, abren posibilidades, y al mismo tiempo transforman las capacidades de actuar intencionalmente sobre esa cultura.</p>
<p align="JUSTIFY">Profanar la romantización del pasado y su presunta neutralidad para visibilizar fisuras e intervenirlas. Profanar datos, calcularlos. Proyectar códigos e informaciones. Indagar en la geografía de relaciones instituidas. Explorar(excavar) en diferentes estratos de discursos y referencias de nuestras prácticas estéticas y ponerlas en discusión.</p>
<p align="JUSTIFY"><strong>Códigos profanos</strong> es parte de “<strong>Invisibles y Salvajes</strong>“, curaduría de Deatr3s (Raquel Minetti / Victoria Ferreyra)</p>
<p align="JUSTIFY">Los proyectos realizados en el Museo Rosa Galisteo de Rodriguez de la ciudad de Santa Fe, son una experiencia de producción colectiva de:</p>
<p align="JUSTIFY">Laura Benech<br />
Nicolás Prus<br />
Evelin Heidel<br />
Cátedra de Computación Gráfica de la FICH- UNL: Prof. Nerstor Calvo. Alumnos: Emanuel Canavesio, Guido Bracalenti, Cecilia Serafini<br />
Integrantes proyecto Roboticlaje<br />
Alumnos y exalumnos de nivel medio esc. de Artes Visuales “Prof Juan Mantovani” : Thea Delfina Lucero Frías, Lola Orge Benech, Facundo L Santos Aguero, Martina Bravorovsky, Lucia Tell, Gerarda Delfina Lucero Frías, Carmela Marguello, Pilar Alarcón, Stella Ticera.</p>
<p align="JUSTIFY">(**) Destacamos y agradecemos la colaboración de Martín Bayo y Martín Morales en la resolución técnica de la caja con archivos para llevar en pendrives.</p>
<p align="JUSTIFY">El sitio web, editado por Laura Benech documenta y expande la experiencia en el Museo.</p>
</div>

<p>Lab Agamben propone la idea de profanar opuesta a consagrar. Las cosas sagradas pertenecían a los dioses y por lo&hellip;</p>
